ded by a(q)?
4
Let f be -1*(3 - 1) + 1. Let u(l) = 18*l**2 - l - 1. Let n be u(f). Let p = 2 + n. What is the remainder when p is divided by 11?
9
Let t(z) be the third derivative of -z**4/12 + 2*z**3 - 3*z**2. Calculate the remainder when 62 is divided by t(-10).
30
What is the remainder when (-2025)/(-20) - 1/4 is divided by 34?
33
Let m = 4 + -2. Suppose 4*c + m*n - 61 = -19, -10 = -c - n. Calculate the remainder when 20 is divided by c.
9
Let c(t) = 2*t**2 - 5*t + 1. Suppose 4*z - 45 - 11 = 0. Calculate the remainder when c(5) is divided by z.
12
Let z(q) = q**2 - 13*q - 6. Suppose -5*s + 2*s = -87. What is the remainder when s is divided by z(14)?
5
Let c(t) = 3*t**3 - t**2. Let l = 8 - 11. Let b(s) = s**3 + 3*s**2 - 2*s + 1. What is the remainder when b(l) is divided by c(1)?
1
Let t(o) = -o**3 + 6*o**2 - 4. Let j be t(6). Calculate the remainder when 31 is divided by 9 - (j - (-4 - -2)).
9
Let q(g) be the second derivative of g**4/2 - g**3/3 - g**2 - 2*g. Calculate the remainder when 34 is divided by q(2).
16
Suppose -26*h + 56 = -27*h. Let t(d) = 22*d + 5. Let k be t(4). Let q = h + k. What is the remainder when q is divided by 19?
18
Suppose 6 = -3*d + 5*q + 1, -5*d + 41 = 4*q. Let p = -4 + 2. Let l(z) = z**2 - 2*z + 1. What is the remainder when l(p) is divided by d?
4
Suppose 3*b - 18 - 21 = 0. What is the remainder when b is divided by 7?
6
Suppose 20 = 4*u - 0*u. Suppose -u*a = -8*a + 54. What is the remainder when 53 is divided by a?
17
Suppose -43 = 4*n + 3*h - 229, 4 = -2*h. What is the remainder when n is divided by 18?
12
Suppose -5*o - x = -810, -4*x = -0*o + 2*o - 324. What is the remainder when o is divided by 33?
30
Let g(n) = -3*n - 11. What is the remainder when 47 is divided by g(-8)?
8
Let d = 43 + -8. Let x = 24 - d. Let n = x - -23. What is the remainder when n is divided by 7?
5
Let v(o) = -o**2 - 7*o - 6. Let z be v(-6). Suppose z = -16*a + 13*a + 39. Calculate the remainder when 37 is divided by a.
11
Calculate the remainder when 65 is divided by (-267)/(-12) + 2/(-8).
21
Let o(d) = d**3 - 5*d**2 - 6*d + 2. Let m = 20 + -14. Calculate the remainder when 5 is divided by o(m).
1
Suppose 15 = 2*l - 27. Calculate the remainder when l is divided by 8.
5
Let j(k) = -k**2 - 9*k - 12. What is the remainder when j(-5) is divided by 3?
2
Let u be (-4)/22 + 202/22. Suppose u = -t + 1. Let g = -7 - t. What is the remainder when 1 is divided by g?
0
Let s = 15 + -4. What is the remainder when 41 is divided by s?
8
Suppose 0*y + 24 = 2*y. Suppose 0*x - y = -x. Calculate the remainder when 34 is divided by x.
10
Suppose 12 = -0*v + 4*v. Suppose 0*w - 2*l = 2*w + 32, 0 = -4*w + v*l - 36. What is the remainder when 26 is divided by ((-8)/w)/((-4)/(-54))?
8
Suppose -5*d - 4*i + 84 = -2*i, -5*i = 2*d - 21. Let l be 3*2/18*9. Let q = l - -7. Calculate the remainder when d is divided by q.
8
Let b(z) = 2*z**2 + 7*z + 16. Calculate the remainder when b(-6) is divided by 12.
10
Let d(m) = m**2 + 9*m - 3. What is the remainder when 32 is divided by d(-10)?
4
Suppose 3*n + 6 = 3*p + 54, -2*n - 4*p + 50 = 0. Suppose 0 = -4*u + n + 61. Calculate the remainder when 78 is divided by u.
18
Let b(k) = k**2 + k - 1. Let r = 6 + -4. Suppose 4*u + 4*d - 46 = -2, -u + 7 = 3*d. Calculate the remainder when u is divided by b(r).
3
Suppose 0 = -4*g - o - 63, 4*g - 4*o - o = -45. Let l = -2 + 6. What is the remainder when (1 + 5/(-3))*g is divided by l?
2
Suppose -2*v - 3*v = -10. What is the remainder when (2/5)/((-4)/(-260)) is divided by (-1)/(v/1)*-18?
8
Let c(f) = -f**2 - 3*f + 28. What is the remainder when c(0) is divided by 11?
6
Suppose -k + 4*h - 22 = -0*h, 3*h - 11 = -2*k. What is the remainder when (k - 56)*(-7)/14 is divided by 1*(1 + 18/2)?
9
Suppose 3*k - 59 = -5*w, 0*k + 2*k = -2*w + 34. What is the remainder when 38 is divided by k?
12
Suppose -2*p + 110 = -0*p. Calculate the remainder when p is divided by 28.
27
Suppose 2*a - 17 = a. What is the remainder when 83 is divided by a?
15
Suppose a - 5*u - 30 = 0, -4*a + 2*u + 33 = 3. Calculate the remainder when 7 is divided by a.
2
Let p = 559 + -916. Calculate the remainder when 47 is divided by p/(-15) + (-2)/(-10).
23
Let b(o) = -8*o - 14. Calculate the remainder when b(-13) is divided by 23.
21
Suppose 0 = -6*z + z + 20. Let p(b) = -b - 7. Let k be p(-7). Suppose z*n + n - 100 = k. What is the remainder when n is divided by 7?
6
Suppose -w - 30 = -4*t, 7*w = 4*t + 2*w - 38. What is the remainder when 11 is divided by t?
4
Let s(g) = -2*g - 6. Let t be s(-15). Suppose -t = 14*q - 17*q. What is the remainder when 12 is divided by q?
4
Let b be (87 - -1)*2/4. Suppose 5*h = 6*h + b. What is the remainder when (h/(-6))/((-1)/(-3)) is divided by 12?
10
Let h = -17 + 24. What is the remainder when 13 is divided by h?
6
Suppose 0 = n - 22 - 4. Let t(h) = -h + 4. Let q be t(0). Suppose -49 = -q*y - 13. What is the remainder when n is divided by y?
8
Let w be (9/6 - 1)*0. Suppose -k + 3*k = w. Suppose k*t - 11 = -t. Calculate the remainder when 21 is divided by t.
10
Suppose -2*g = 2*g + 72. Suppose 0 = -d + 5*q + 12, -d - 5*q - 10 = -2. Calculate the remainder when 34 is divided by (d + 24/(-9))*g.
10
Suppose -30 = -3*s + 4*n - 7*n, -4*s + 3*n = -5. Let v(r) = 7*r + s - 1 - r**2 - 2 + 1. What is the remainder when 11 is divided by v(7)?
2
Let m = -6 + 12. Let i = -58 + 73. What is the remainder when i is divided by m?
3
Let w(j) = -j**2 - 5*j. Let z be w(-5). Suppose -x + 34 = -c, -c + 0*c - 1 = z. Calculate the remainder when x is divided by 18.
15
Let q = -21 - -34. Calculate the remainder when q is divided by 8.
5
Suppose 8*q - 183 = -71. Calculate the remainder when 67 is divided by q.
11
Let y(z) = 2*z**3 + z**2 - 2. Suppose 3*f = 5*r + 6, -3*f + 0*r + 6 = 3*r. Calculate the remainder when y(f) is divided by 5.
3
Let h(u) = -u**3 + 5*u**2 + 6*u + 2. What is the remainder when h(5) is divided by 7?
4
Suppose s - 4*r = 2, -r - 89 = -5*s + 16. Calculate the remainder when 82 is divided by s.
16
Let n = -5 - -5. Suppose u = -n*u + 9. Calculate the remainder when 25 is divided by u.
7
Suppose 3*m - 4 = -2*p + 9, p - 9 = -4*m. What is the remainder when 19 is divided by p?
4
Let i be ((-2)/(-4) - 0)*-14. Let g(x) = -3*x - 8. Suppose 17 = 3*t - 4. What is the remainder when g(i) is divided by t?
6
Let z = 26 + -14. Let h(a) = -a**3 + a**2 + 3. Let i(c) = -c**2 + c - 1. Let v(r) = -h(r) + 3*i(r). What is the remainder when v(5) is divided by z?
10
Suppose -4*u = -12, -12 + 90 = 3*k + 3*u. Let d(q) = q + 7. Suppose 0*m - 20 = -4*m. What is the remainder when k is divided by d(m)?
11
Let c(h) = 4*h**2 - 3*h - 3. Let x(k) = -k**3 - 3*k**2 - k. Let w be (-2 + 0)*15/10. Let p be x(w). Calculate the remainder when c(p) is divided by 13.
11
Suppose -7 - 70 = -7*a. Suppose 4*m - 1 = 3. What is the remainder when a is divided by 5 - (0 - -2 - m)?
3
Suppose 0 = -4*y + 103 + 53. Suppose 2*o = 4*o - 3*j - 42, -y = -o - 3*j. What is the remainder when o is divided by 15?
12
Suppose 4*x - y - 63 = 0, 3*y = 4*x + 7*y - 88. What is the remainder when 46 is divided by x?
12
Suppose -5*d + 3 + 12 = 0. Calculate the remainder when 12 is divided by d/15 - 68/(-10).
5
Let j = 19 + -12. Calculate the remainder when 20 is divided by j.
6
Let d = -8 - -10. Suppose -9 = d*n - 119. Suppose -12 - 2 = -t + y, 4*t - n = 3*y. What is the remainder when 23 is divided by t?
10
Suppose 0 = 3*w, -w + 40 = -3*d + 214. Calculate the remainder when d is divided by 15.
13
Let w = -12 - -6. Let d = -10 + w. Calculate the remainder when 47 is divided by (3 - 0)/((-3)/d).
15
Let a(f) = 2*f + f - 3 + 4 - 4. Calculate the remainder when a(8) is divided by 8.
5
Suppose 2*b + 2 = 0, -6*x + x + 16 = 4*b. Calculate the remainder when 8 is divided by x.
0
Suppose 0 = -3*i + i + 12. What is the remainder when 11 is divided by i?
5
Suppose -93 = -5*r - 2*j, r - 3*j - j = 1. What is the remainder when r is divided by 30*(10/3 + 11 + -14)?
7
Suppose 0 = 2*n + 2*s - 16, -25 = -5*n - 3*s + 21. Let y = 69 + -27. Calculate the remainder when y is divided by n.
9
Let r = -19 - -36. Let d(q) = -10*q + 1. Let o be d(1). What is the remainder when r is divided by (-2)/6 + (-84)/o?
8
Let q(z) be the first derivative of -z**4/4 + z**3/3 + z**2/2 - 2*z